be (-10)/(-25) - (-74)/(-10). Let y = 37 + -35. List the prime factors of y/d - 573/(-21).
3
Suppose 2*o + 222 = 4*o. Let y = o - 24. Suppose -145 = -5*s - 2*g, 4*s - s + g = y. List the prime factors of s.
29
Suppose 4*q - i - 220 = 0, -2*i - 110 = -2*q + i. List the prime factors of q + (0/2)/(-3).
5, 11
Suppose -413 - 701 = -2*t + 3*o, -554 = -t + 3*o. List the prime factors of t.
2, 5, 7
Suppose -6*z = -2*f - z + 1822, 7*f + 3*z - 6418 = 0. What are the prime factors of f?
2, 229
Let g(r) be the first derivative of r**2/2 + r - 6. List the prime factors of g(11).
2, 3
Let y(m) = -158*m + 382. What are the prime factors of y(-8)?
2, 823
Let o = -661 + 1062. What are the prime factors of o?
401
Let d(b) = 676*b + 18. What are the prime factors of d(3)?
2, 3, 11, 31
Let s = 166 + -115. Let n = 74 + s. What are the prime factors of n?
5
Suppose 5*s = -5*b + 2890, -3*b - 1319 + 148 = -2*s. List the prime factors of s.
7, 83
Let g(q) = -3*q**2 + 240*q - 31. List the prime factors of g(23).
2, 1951
Suppose -5*w + 20 = 5. Let s = 22 - w. What are the prime factors of s?
19
Let r be (33/2)/(10/20). Suppose -3*k - r = 4*g, g = -4*k - 15 - 3. What are the prime factors of 1*5/((-10)/g)?
3
Suppose -4*d = 4*u - 547 - 669, 2*d = 2. What are the prime factors of u?
3, 101
Let g(d) = -d + 8. Let o be g(5). Suppose 2*m + 268 = -0*h - 5*h, o*h = -2*m - 164. Let a = 79 + h. What are the prime factors of a?
3
Suppose -70 = 2*t + 2*f, 2*t - 4*f - 11 = -63. What are the prime factors of (-428)/t + (-6)/16?
13
Suppose -5*s + 314 = 4*n - 656, -2*n - 370 = -2*s. List the prime factors of s.
2, 5, 19
Let t = 300 - 136. Let f = 285 - t. List the prime factors of f.
11
Let g(s) = -43*s - 33. Let y(n) = 21*n + 16. Let x(o) = -2*g(o) - 5*y(o). Let l(q) = 30*q + 476. Let r be l(-16). List the prime factors of x(r).
2, 31
Let w(i) = -i**3 - i**2 + i - 1. Let n be w(-2). Let l = -13 - n. Let v = l - -30. List the prime factors of v.
2
Let l(p) = 106*p + 120. What are the prime factors of l(14)?
2, 401
Suppose -3*j = 3*s + 2*s - 6097, -s + 5*j + 1197 = 0. List the prime factors of s.
1217
Let j = 0 - 0. Suppose -h - h + 10 = j. Suppose 5*k - h*b = k + 55, k - 2*b = 13. What are the prime factors of k?
3, 5
Let s = -85 - -116. Suppose -3*u = -5*y + s - 103, y = -3*u + 90. What are the prime factors of u?
29
Let k(z) = -7*z + 9 + 10*z + 4*z + z**2. List the prime factors of k(-8).
17
Suppose -2*y - 4 = 14. Let d = y - -12. Suppose x + 3*u - 15 = 0, 2*x + d*u - 6 = 36. What are the prime factors of x?
3
Let c(f) = -2*f**3 - f**2 - f. Let m be 4/(-6)*15/10. Let t be c(m). Suppose -137 + 15 = -5*k - j, -3*k = -t*j - 68. What are the prime factors of k?
2, 3
Suppose -5*m + 4445 = -5*z - 0*z, 4452 = 5*m + 2*z. Suppose a - 6*a + m = 0. What are the prime factors of a?
2, 89
Suppose r = -3 + 12. Suppose 0*q - a + 50 = q, 0 = 3*a - r. List the prime factors of q.
47
Let i = -29 + 21. Let h(p) = 3*p**2 + 2*p - 22. List the prime factors of h(i).
2, 7, 11
Let m = 704 - -4849. What are the prime factors of m?
3, 617
Let u(g) = g**3 - 5*g**2 + 5*g. Let p be u(4). Suppose l + y = 81 + 18, 2*l = -p*y + 208. List the prime factors of l.
2, 47
Suppose -p = -5*r + 828, r - 324 = -r + 4*p. What are the prime factors of r?
2, 83
Suppose 576*y - 571*y = 25590. What are the prime factors of y?
2, 3, 853
Suppose 0 = 3*a - 4*d - 1949, 5*a + d - 3253 = 3*d. List the prime factors of a.
3, 7, 31
Suppose 268 = 5*h + 4*o, -4*h - 3*o + 266 = h. List the prime factors of 377/h*(8 + 0).
2, 29
What are the prime factors of 900/(-225)*(-633)/4?
3, 211
Suppose -47 + 42 = -h. Suppose -3*q + 39 = -h*m, -5*q + m + 0*m = -87. What are the prime factors of q?
2, 3
Suppose -6*c = 2*f - 10*c - 1128, -5*f - 3*c = -2859. What are the prime factors of f?
2, 3, 5, 19
Suppose 6*b + 7 = -11. What are the prime factors of (b + 1)/2*-138?
2, 3, 23
Suppose 23 - 35 = -4*u. Suppose -188 = -u*m + 4*n, m + 5*n - 14 = 17. List the prime factors of m.
2, 7
Let p(n) = 2*n**3 - 2*n**2 + n - 10. What are the prime factors of p(5)?
3, 5, 13
Let v = -1244 + 1741. What are the prime factors of 4/(-10) + 3 + v/5?
2, 3, 17
Let h(m) be the second derivative of 13*m**3/6 - 5*m**2/2 + 10*m. What are the prime factors of h(4)?
47
Let b(z) = -z**3 + 15*z**2 - 18*z + 16. Let w be b(14). Let r = w + 64. List the prime factors of r.
2, 3
Suppose r + 3*a + 1 = -6, a + 9 = -2*r. What are the prime factors of 211/2 - (-2)/r*-1?
2, 53
Suppose 0 = 2*y - 5*y - 5*v + 148, y - 2*v - 53 = 0. Suppose -5*h - 20 = -h, 4*d - 3*h = y. List the prime factors of d.
3
Suppose 0 = 8*d - 24*d - 64. Let z = d - -12. What are the prime factors of z?
2
Let a = 38 - 28. Let p = a + -2. What are the prime factors of p?
2
Suppose 411*k - 409*k = 10356. What are the prime factors of k?
2, 3, 863
Suppose -f = 2*c - 346, -4*c - f + 721 = 25. Let a = c - 170. List the prime factors of a.
5
Let a = -106 + 105. What are the prime factors of ((-12)/(-4) + a)/((-1)/(-11))?
2, 11
Suppose -3*j + 8*f = 4*f - 68, 0 = -5*f - 25. Suppose j = -4*u + 220. What are the prime factors of u?
3, 17
Let g be -50*(-1)/(-2)*-6. Let n = g - 63. Let o = n + -47. List the prime factors of o.
2, 5
Let f(v) = -2*v**3 - v**2 + 3*v - 2. Let x be f(1). What are the prime factors of 2*((-3)/x - -2)?
7
Suppose 0 = n - 5*t + 22, -3*n + 6*n + 4*t - 29 = 0. Suppose -g - n = -9. Let z(p) = 4*p + 10. List the prime factors of z(g).
2, 17
Suppose -14*n = -18*n - 156. Let h = -13 - n. List the prime factors of h.
2, 13
Suppose 4*o + 32 - 84 = -4*r, 2*o - 2*r - 10 = 0. Let k be 132/o + 1/3. What are the prime factors of (k/(-2))/((-6)/16)?
2, 5
Let h(x) = x**2 + 19*x + 16. Let l be ((-15)/12)/((-4)/(-48)). Let a be h(l). Let i = a - -71. What are the prime factors of i?
3
Suppose 0*s + 3*s = 0. Suppose -7*f = -s*f + 322. Let i = f + 87. What are the prime factors of i?
41
Let r(k) = -3*k**2 - 146*k - 43. What are the prime factors of r(-47)?
2, 3
List the prime factors of (2*(-9)/2)/(-1).
3
Let x(u) = -u**2 - 9*u - 11. Suppose 0 = -2*v - 2*a - 12, -a = 5*v - 6*a + 30. What are the prime factors of x(v)?
7
Suppose 0 = 5*n - 23 + 58. Let o = n + 4. List the prime factors of 2624/48 - (-2)/o.
2, 3
Let j = -3806 + 6493. List the prime factors of j.
2687
Let d(v) = -3*v + 42. Let b be d(12). Let m(l) = 40*l. What are the prime factors of m(b)?
2, 3, 5
Let h(o) = o**2 + o - 12. Let k be h(3). Suppose k = -2*t - 4*b + 74, t + 0*b + b = 36. List the prime factors of t.
5, 7
Suppose 2*b = 4*n, -2*b + 5*n = 2*b. Let i = 76 - 71. Suppose b = -5*x + i*j + 330, 0 = x + 3*x - 2*j - 254. What are the prime factors of x?
61
What are the prime factors of (2025/(-120) - -17) + 28151/8?
3, 17, 23
Suppose -v - v + t + 1930 = 0, v - 964 = t. List the prime factors of v.
2, 3, 7, 23
Let s(d) be the third derivative of d**5/12 - d**3/6 - d**2. Let x be (((-48)/30)/2)/((-10)/25). List the prime factors of s(x).
19
Let p = -180 + 726. List the prime factors of p.
2, 3, 7, 13
Suppose t - 2 = 0, 6*t = h + 4*t + 2. Suppose h*l + 4*j = 386, -6*j + 20 = -2*j. What are the prime factors of l?
3, 61
Suppose t - 3*i = 367, 0 = -2*t - 7*i + 6*i + 769. List the prime factors of t.
2, 191
Suppose 3*t - 5*t = 74. Let w = 25 + t. What are the prime factors of w/4*24/(-9)?
2
Let c(o) = 10*o**2. Let l be c(1). Let g(t) = t**3 - 3*t**2 + 2*t - 2. Let v be g(3). Suppose -3*i + 2*p = -l, v*i + 3*p - 32 = p. List the prime factors of i.
2, 3
Suppose -3*a - 3*d = 360, -473 = 5*a - d + 127. What are the prime factors of (1 + 3 + -2)/((-6)/a)?
2, 5
Let s = 2 - -2. Let r = 28 - 15. Let u = r + s. What are the prime factors of u?
17
Suppose 0 = -6*c + 8*c - 3108. Suppose -15*n = -8*n - c. What are the prime factors of n?
2, 3, 37
Let t(j) = -44*j - 124. What are the prime factors of t(-18)?
2, 167
Let r be (-54)/2 + 14 + -16. Let h = r - -32. What are the prime factors of h?
3
Suppose -3*f - 2*y + 10 = 0, 4*f - 2*y = 6 + 26. Suppose -4*x + 7*x = 5*a - 544, -2*x = f. What are the prime factors of a?
107
Suppose 13*r = 1955 + 463. Let i = -67 + r. What are the prime factors of i?
7, 17
Let r(l) be the first derivative of -1/3*l**3 + 12*l + 6 - 6*l**2. What are the prime factors of r(-12)?
2, 3
Let r = 546 - 813. Let s = -79 - r. List the prime factors of 